{"id":33,"date":"2018-11-26T20:38:32","date_gmt":"2018-11-26T19:38:32","guid":{"rendered":"https:\/\/retura.no\/nomil\/?page_id=33"},"modified":"2025-01-27T18:54:22","modified_gmt":"2025-01-27T17:54:22","slug":"kontaktpersoner","status":"publish","type":"page","link":"https:\/\/retura.no\/nomil\/om-retura-sogn-og-fjordane\/kontaktpersoner\/","title":{"rendered":"Kontaktpersoner"},"content":{"rendered":"\n\t<section class=\"section submenu\" id=\"section_589355767\">\n\t\t<div class=\"section-bg fill\" >\n\t\t\t\t\t\t\t\t\t\n\t\t\t\n\n\t\t<\/div>\n\n\t\t\n\n\t\t<div class=\"section-content relative\">\n\t\t\t\n<ul class=\"sidebar-wrapper ul-reset\"><div class=\"menu-om-retura-nomil-container\"><ul id=\"menu-om-retura-nomil\" class=\"menu\"><li id=\"menu-item-45\" class=\"menu-item menu-item-type-post_type menu-item-object-page menu-item-45\"><a href=\"https:\/\/retura.no\/nomil\/om-retura-sogn-og-fjordane\/\">Om Retura Sogn og Fjordane<\/a><\/li>\n<li id=\"menu-item-46\" class=\"menu-item menu-item-type-post_type menu-item-object-page menu-item-46\"><a href=\"https:\/\/retura.no\/nomil\/om-retura-sogn-og-fjordane\/sertifiseringer\/\">Sertifiseringer<\/a><\/li>\n<li id=\"menu-item-47\" class=\"menu-item menu-item-type-post_type menu-item-object-page menu-item-47\"><a href=\"https:\/\/retura.no\/nomil\/om-retura-sogn-og-fjordane\/kontaktpersoner\/\">Kontaktpersoner<\/a><\/li>\n<\/ul><\/div><\/ul>\n\t\t<\/div>\n\n\t\t\n<style>\n#section_589355767 {\n  padding-top: 30px;\n  padding-bottom: 30px;\n}\n<\/style>\n\t<\/section>\n\t\n\n\t<section class=\"section\" id=\"section_614883414\">\n\t\t<div class=\"section-bg fill\" >\n\t\t\t\t\t\t\t\t\t\n\t\t\t\n\n\t\t<\/div>\n\n\t\t\n\n\t\t<div class=\"section-content relative\">\n\t\t\t\n<div class=\"row\"  id=\"row-616960968\">\n\n\t<div id=\"col-666242020\" class=\"col small-12 large-12\"  >\n\t\t\t\t<div class=\"col-inner\"  >\n\t\t\t\n\t\t\t\n<h1>Kontaktpersoner<\/h1>\n<p><span style=\"font-size: 120%\">Vi jobber for et milj\u00f8 i balanse<\/span><\/p>\n<p>Retura Sogn og Fjordane er en del av Retura, som er en av landets st\u00f8rste avfallsakt\u00f8rer. Vi tilbyr et komplett tilbud av avfallstjenester, og har fokus p\u00e5 leveranse av fremtidsrettede og milj\u00f8riktige avfallsl\u00f8sninger. Med gr\u00f8nn konkurransekraft i fokus, skal vi v\u00e6re Sogn og Fjordanes ledende leverand\u00f8r av avfallstjenester til n\u00e6ringslivet. V\u00e5r lokalkunnskap danner grunnlaget for v\u00e5r verdiskaping.<\/p>\n\t\t<\/div>\n\t\t\t\t\t<\/div>\n\n\t\n\n<style>\n#row-616960968 > .col > .col-inner {\n  padding: 40px 0px 60px 0px;\n}\n@media (min-width:550px) {\n  #row-616960968 > .col > .col-inner {\n    padding: 0px 0px 60px 0px;\n  }\n}\n<\/style>\n<\/div>\n<div class=\"row row-large team-members no-img\"  id=\"row-1584037552\">\n\n\t<div id=\"col-52391268\" class=\"col medium-6 small-12 large-4\"  >\n\t\t\t\t<div class=\"col-inner\"  >\n\t\t\t\n\t\t\t\n    <div class=\"box has-hover has-hover box-text-bottom\" >\n\n                  <div class=\"box-image \" style=\"width:80%;\">\n           <div class=\"box-image-inner image-cover\" style=\"border-radius:100%;padding-top:100%;\">\n              <img decoding=\"async\" src=\"https:\/\/retura.no\/nomil\/wp-content\/themes\/flatsome\/assets\/img\/missing.jpg\" \/>                         <\/div>\n          <\/div>\n         \n          <div class=\"box-text text-center\" >\n                <div class=\"box-text-inner\">\n                  <h4 class=\"uppercase\">\n                    <span class=\"person-name\">Peter Zerwekh<\/span><br\/>\n                    <span class=\"person-title is-small thin-font op-7\">\n                      Daglig leder                    <\/span>\n                  <\/h4>\n\t\t\t\t\t\n<p><i class=\"fas fa-phone red\"><\/i><a href=\"tel:+4794151422\">941 51 422<\/a><\/p>\n<p><i class=\"fas fa-envelope red\"><\/i><a href=\"mailto:peter@returasf.no\">peter@returasf.no<\/a><\/p>\n                <\/div>\n          <\/div>\n    <\/div>\n\n\t\n    \n\t\t<\/div>\n\t\t\t\t\t<\/div>\n\n\t\n\n\t<div id=\"col-1395079926\" class=\"col medium-6 small-12 large-4\"  >\n\t\t\t\t<div class=\"col-inner\"  >\n\t\t\t\n\t\t\t\n    <div class=\"box has-hover has-hover box-text-bottom\" >\n\n                  <div class=\"box-image \" style=\"width:80%;\">\n           <div class=\"box-image-inner image-cover\" style=\"border-radius:100%;padding-top:100%;\">\n              <img decoding=\"async\" src=\"https:\/\/retura.no\/nomil\/wp-content\/themes\/flatsome\/assets\/img\/missing.jpg\" \/>                         <\/div>\n          <\/div>\n         \n          <div class=\"box-text text-center\" >\n                <div class=\"box-text-inner\">\n                  <h4 class=\"uppercase\">\n                    <span class=\"person-name\">Per Gunnar Hansen<\/span><br\/>\n                    <span class=\"person-title is-small thin-font op-7\">\n                      Salgskonsulent                    <\/span>\n                  <\/h4>\n\t\t\t\t\t\n<p><i class=\"fas fa-phone red\"><\/i><a href=\"tel:+479009137\">900 919 37<\/a><\/p>\n<p><i class=\"fas fa-envelope red\"><\/i><a href=\"mailto:pergunnar@retura.no\">pergunnar@retura.no<\/a><\/p>\n                <\/div>\n          <\/div>\n    <\/div>\n\n\t\n    \n\t\t<\/div>\n\t\t\t\t\t<\/div>\n\n\t\n\n\t<div id=\"col-529455974\" class=\"col medium-6 small-12 large-4\"  >\n\t\t\t\t<div class=\"col-inner\"  >\n\t\t\t\n\t\t\t\n    <div class=\"box has-hover has-hover box-text-bottom\" >\n\n                  <div class=\"box-image \" style=\"width:80%;\">\n           <div class=\"box-image-inner image-cover\" style=\"border-radius:100%;padding-top:100%;\">\n              <img decoding=\"async\" src=\"https:\/\/retura.no\/nomil\/wp-content\/themes\/flatsome\/assets\/img\/missing.jpg\" \/>                         <\/div>\n          <\/div>\n         \n          <div class=\"box-text text-center\" >\n                <div class=\"box-text-inner\">\n                  <h4 class=\"uppercase\">\n                    <span class=\"person-name\">Janne Marie Solheim<\/span><br\/>\n                    <span class=\"person-title is-small thin-font op-7\">\n                      Kontor og administrasjonsmedarbeidar                    <\/span>\n                  <\/h4>\n\t\t\t\t\t\n<p><i class=\"fas fa-phone red\"><\/i><a href=\"tel:+4791248176\">912 481 76<\/a><\/p>\n<p><i class=\"fas fa-envelope red\"><\/i><a href=\"mailto:janne@returasf.no\">janne@returasf.no<\/a><\/p>\n                <\/div>\n          <\/div>\n    <\/div>\n\n\t\n    \n\t\t<\/div>\n\t\t\t\t\t<\/div>\n\n\t\n\n\t<div id=\"col-260126574\" class=\"col medium-6 small-12 large-4\"  >\n\t\t\t\t<div class=\"col-inner\"  >\n\t\t\t\n\t\t\t\n    <div class=\"box has-hover has-hover box-text-bottom\" >\n\n                  <div class=\"box-image \" style=\"width:80%;\">\n           <div class=\"box-image-inner image-cover\" style=\"border-radius:100%;padding-top:100%;\">\n              <img decoding=\"async\" src=\"https:\/\/retura.no\/nomil\/wp-content\/themes\/flatsome\/assets\/img\/missing.jpg\" \/>                         <\/div>\n          <\/div>\n         \n          <div class=\"box-text text-center\" >\n                <div class=\"box-text-inner\">\n                  <h4 class=\"uppercase\">\n                    <span class=\"person-name\">Inger Marie S\u00f8reide<\/span><br\/>\n                    <span class=\"person-title is-small thin-font op-7\">\n                      Kontorfullmektig                    <\/span>\n                  <\/h4>\n\t\t\t\t\t\n<p><i class=\"fas fa-phone red\"><\/i><a href=\"tel:+4796901847\">969 01 847<\/a><\/p>\n<p><i class=\"fas fa-envelope red\"><\/i><a href=\"mailto:ingermarie@retura.no\">ingermarie@retura.no<\/a><\/p>\n                <\/div>\n          <\/div>\n    <\/div>\n\n\t\n    \n\t\t<\/div>\n\t\t\t\t\t<\/div>\n\n\t\n<\/div>\n\t\t<\/div>\n\n\t\t\n<style>\n#section_614883414 {\n  padding-top: 50px;\n  padding-bottom: 50px;\n  background-color: rgb(246, 246, 246);\n}\n@media (min-width:550px) {\n  #section_614883414 {\n    padding-top: 80px;\n    padding-bottom: 80px;\n  }\n}\n<\/style>\n\t<\/section>\n\t\n","protected":false},"excerpt":{"rendered":"","protected":false},"author":1,"featured_media":0,"parent":29,"menu_order":0,"comment_status":"closed","ping_status":"closed","template":"page-blank.php","meta":{"footnotes":""},"class_list":["post-33","page","type-page","status-publish","hentry"],"_links":{"self":[{"href":"https:\/\/retura.no\/nomil\/wp-json\/wp\/v2\/pages\/33","targetHints":{"allow":["GET"]}}],"collection":[{"href":"https:\/\/retura.no\/nomil\/wp-json\/wp\/v2\/pages"}],"about":[{"href":"https:\/\/retura.no\/nomil\/wp-json\/wp\/v2\/types\/page"}],"author":[{"embeddable":true,"href":"https:\/\/retura.no\/nomil\/wp-json\/wp\/v2\/users\/1"}],"replies":[{"embeddable":true,"href":"https:\/\/retura.no\/nomil\/wp-json\/wp\/v2\/comments?post=33"}],"version-history":[{"count":16,"href":"https:\/\/retura.no\/nomil\/wp-json\/wp\/v2\/pages\/33\/revisions"}],"predecessor-version":[{"id":558,"href":"https:\/\/retura.no\/nomil\/wp-json\/wp\/v2\/pages\/33\/revisions\/558"}],"up":[{"embeddable":true,"href":"https:\/\/retura.no\/nomil\/wp-json\/wp\/v2\/pages\/29"}],"wp:attachment":[{"href":"https:\/\/retura.no\/nomil\/wp-json\/wp\/v2\/media?parent=33"}],"curies":[{"name":"wp","href":"https:\/\/api.w.org\/{rel}","templated":true}]}}