{"id":27,"date":"2018-11-26T20:35:52","date_gmt":"2018-11-26T19:35:52","guid":{"rendered":"https:\/\/retura.no\/nomil\/?page_id=27"},"modified":"2018-11-26T20:35:52","modified_gmt":"2018-11-26T19:35:52","slug":"nyheter","status":"publish","type":"page","link":"https:\/\/retura.no\/nomil\/nyheter\/","title":{"rendered":"Nyheter"},"content":{"rendered":"\n\t<section class=\"section\" id=\"section_672692757\">\n\t\t<div class=\"section-bg fill\" >\n\t\t\t\t\t\t\t\t\t\n\t\t\t\n\n\t\t<\/div>\n\n\t\t\n\n\t\t<div class=\"section-content relative\">\n\t\t\t\n<div class=\"row\"  id=\"row-1371903729\">\n\n\t<div id=\"col-1106140867\" class=\"col small-12 large-12\"  >\n\t\t\t\t<div class=\"col-inner\"  >\n\t\t\t\n\t\t\t\n<h1>Nyheter<\/h1>\n\t\t<\/div>\n\t\t\t\t\t<\/div>\n\n\t\n\n<style>\n#row-1371903729 > .col > .col-inner {\n  padding: 0px 0px 0px 0px;\n}\n@media (min-width:550px) {\n  #row-1371903729 > .col > .col-inner {\n    padding: 0px 0px 20px 0px;\n  }\n}\n<\/style>\n<\/div>\n\n  \n    <div class=\"row large-columns-3 medium-columns-1 small-columns-1 row-large\" >\n  <div class=\"col post-item\" >\n\t\t\t<div class=\"col-inner\">\n\t\t\t\t<div class=\"box box-normal box-text-bottom box-blog-post has-hover\">\n            \t\t\t\t\t<div class=\"box-image\" >\n  \t\t\t\t\t\t<div class=\"image-cover\" style=\"padding-top:56.25%;\">\n\t\t\t\t\t\t\t<a href=\"https:\/\/retura.no\/nomil\/prisjustering-fra-januar-2022\/\" class=\"plain\" aria-label=\"Prisjustering fr\u00e5 januar 2022\">\n\t\t\t\t\t\t\t\t<img loading=\"lazy\" decoding=\"async\" width=\"300\" height=\"200\" src=\"https:\/\/retura.no\/nomil\/wp-content\/uploads\/sites\/3\/2022\/01\/Retura_FotoAnne-LineBakken0179-300x200.jpg\" class=\"attachment-medium size-medium wp-post-image\" alt=\"\" srcset=\"https:\/\/retura.no\/nomil\/wp-content\/uploads\/sites\/3\/2022\/01\/Retura_FotoAnne-LineBakken0179-300x200.jpg 300w, https:\/\/retura.no\/nomil\/wp-content\/uploads\/sites\/3\/2022\/01\/Retura_FotoAnne-LineBakken0179-1024x683.jpg 1024w, https:\/\/retura.no\/nomil\/wp-content\/uploads\/sites\/3\/2022\/01\/Retura_FotoAnne-LineBakken0179-768x512.jpg 768w, https:\/\/retura.no\/nomil\/wp-content\/uploads\/sites\/3\/2022\/01\/Retura_FotoAnne-LineBakken0179-1536x1024.jpg 1536w, https:\/\/retura.no\/nomil\/wp-content\/uploads\/sites\/3\/2022\/01\/Retura_FotoAnne-LineBakken0179-2048x1366.jpg 2048w\" sizes=\"auto, (max-width: 300px) 100vw, 300px\" \/>\t\t\t\t\t\t\t<\/a>\n  \t\t\t\t\t\t\t  \t\t\t\t\t\t\t  \t\t\t\t\t\t<\/div>\n  \t\t\t\t\t\t  \t\t\t\t\t<\/div>\n          \t\t\t\t\t<div class=\"box-text text-center\" >\n\t\t\t\t\t<div class=\"box-text-inner blog-post-inner\">\n\n\t\t\t\t\t\n\t\t\t\t\t\t\t\t\t\t<h5 class=\"post-title is-large \">\n\t\t\t\t\t\t<a href=\"https:\/\/retura.no\/nomil\/prisjustering-fra-januar-2022\/\" class=\"plain\">Prisjustering fr\u00e5 januar 2022<\/a>\n\t\t\t\t\t<\/h5>\n\t\t\t\t\t\t\t\t\t\t<div class=\"is-divider\"><\/div>\n\t\t\t\t\t\t\t\t\t\t<p class=\"from_the_blog_excerpt \">\n\t\t\t\t\t\tTil v\u00e5re kundar, Informasjon om prisjustering fr\u00e5 januar 2022. Vedtak om innf\u00f8ring av Co2 avgift p\u00e5 forbrenning av avfall fr\u00e5 1. januar 2022. Stortingets vedtak om Co2 avgift p\u00e5 forbrenning [...]\t\t\t\t\t<\/p>\n\t\t\t\t\t                    \n\t\t\t\t\t\n\t\t\t\t\t\n\t\t\t\t\t<\/div>\n\t\t\t\t\t<\/div>\n\t\t\t\t\t\t\t\t\t\t\t\t\t\t\t\t<div class=\"badge absolute top post-date badge-circle\">\n\t\t\t\t\t\t\t<div class=\"badge-inner\">\n\t\t\t\t\t\t\t\t<span class=\"post-date-day\">11<\/span><br>\n\t\t\t\t\t\t\t\t<span class=\"post-date-month is-xsmall\">jan<\/span>\n\t\t\t\t\t\t\t<\/div>\n\t\t\t\t\t\t<\/div>\n\t\t\t\t\t\t\t\t\t<\/div>\n\t\t\t<\/div>\n\t\t<\/div><div class=\"col post-item\" >\n\t\t\t<div class=\"col-inner\">\n\t\t\t\t<div class=\"box box-normal box-text-bottom box-blog-post has-hover\">\n            \t\t\t\t\t<div class=\"box-image\" >\n  \t\t\t\t\t\t<div class=\"image-cover\" style=\"padding-top:56.25%;\">\n\t\t\t\t\t\t\t<a href=\"https:\/\/retura.no\/nomil\/nyheter-soknad-om-handtering-av-smittefarlig-avfall\/\" class=\"plain\" aria-label=\"S\u00f8knad om h\u00e5ndtering av smittefarlig avfall\">\n\t\t\t\t\t\t\t\t<img loading=\"lazy\" decoding=\"async\" width=\"300\" height=\"229\" src=\"https:\/\/retura.no\/nomil\/wp-content\/uploads\/sites\/3\/2020\/03\/6003_Smittefarlig-avfall_297024191-300x229.jpg\" class=\"attachment-medium size-medium wp-post-image\" alt=\"\" srcset=\"https:\/\/retura.no\/nomil\/wp-content\/uploads\/sites\/3\/2020\/03\/6003_Smittefarlig-avfall_297024191-300x229.jpg 300w, https:\/\/retura.no\/nomil\/wp-content\/uploads\/sites\/3\/2020\/03\/6003_Smittefarlig-avfall_297024191-768x586.jpg 768w, https:\/\/retura.no\/nomil\/wp-content\/uploads\/sites\/3\/2020\/03\/6003_Smittefarlig-avfall_297024191-1024x781.jpg 1024w\" sizes=\"auto, (max-width: 300px) 100vw, 300px\" \/>\t\t\t\t\t\t\t<\/a>\n  \t\t\t\t\t\t\t  \t\t\t\t\t\t\t  \t\t\t\t\t\t<\/div>\n  \t\t\t\t\t\t  \t\t\t\t\t<\/div>\n          \t\t\t\t\t<div class=\"box-text text-center\" >\n\t\t\t\t\t<div class=\"box-text-inner blog-post-inner\">\n\n\t\t\t\t\t\n\t\t\t\t\t\t\t\t\t\t<h5 class=\"post-title is-large \">\n\t\t\t\t\t\t<a href=\"https:\/\/retura.no\/nomil\/nyheter-soknad-om-handtering-av-smittefarlig-avfall\/\" class=\"plain\">S\u00f8knad om h\u00e5ndtering av smittefarlig avfall<\/a>\n\t\t\t\t\t<\/h5>\n\t\t\t\t\t\t\t\t\t\t<div class=\"is-divider\"><\/div>\n\t\t\t\t\t\t\t\t\t\t<p class=\"from_the_blog_excerpt \">\n\t\t\t\t\t\tRetura Nomil har f\u00e5tt godkjent tillatelse av Milj\u00f8direktoratet og Fylkesmannen til innsamling, mottak og mellomlagring av smittefarlig avfall i forbindelse med pandemien fra Corona-viruset. Les hele tillatelsen her:.Avfall &#8211; l\u00f8yve [...]\t\t\t\t\t<\/p>\n\t\t\t\t\t                    \n\t\t\t\t\t\n\t\t\t\t\t\n\t\t\t\t\t<\/div>\n\t\t\t\t\t<\/div>\n\t\t\t\t\t\t\t\t\t\t\t\t\t\t\t\t<div class=\"badge absolute top post-date badge-circle\">\n\t\t\t\t\t\t\t<div class=\"badge-inner\">\n\t\t\t\t\t\t\t\t<span class=\"post-date-day\">24<\/span><br>\n\t\t\t\t\t\t\t\t<span class=\"post-date-month is-xsmall\">mar<\/span>\n\t\t\t\t\t\t\t<\/div>\n\t\t\t\t\t\t<\/div>\n\t\t\t\t\t\t\t\t\t<\/div>\n\t\t\t<\/div>\n\t\t<\/div><\/div>\n\t\t<\/div>\n\n\t\t\n<style>\n#section_672692757 {\n  padding-top: 50px;\n  padding-bottom: 50px;\n  background-color: rgb(246, 246, 246);\n}\n@media (min-width:550px) {\n  #section_672692757 {\n    padding-top: 80px;\n    padding-bottom: 80px;\n  }\n}\n<\/style>\n\t<\/section>\n\t\n","protected":false},"excerpt":{"rendered":"","protected":false},"author":1,"featured_media":0,"parent":0,"menu_order":0,"comment_status":"closed","ping_status":"closed","template":"page-blank.php","meta":{"footnotes":""},"class_list":["post-27","page","type-page","status-publish","hentry"],"_links":{"self":[{"href":"https:\/\/retura.no\/nomil\/wp-json\/wp\/v2\/pages\/27","targetHints":{"allow":["GET"]}}],"collection":[{"href":"https:\/\/retura.no\/nomil\/wp-json\/wp\/v2\/pages"}],"about":[{"href":"https:\/\/retura.no\/nomil\/wp-json\/wp\/v2\/types\/page"}],"author":[{"embeddable":true,"href":"https:\/\/retura.no\/nomil\/wp-json\/wp\/v2\/users\/1"}],"replies":[{"embeddable":true,"href":"https:\/\/retura.no\/nomil\/wp-json\/wp\/v2\/comments?post=27"}],"version-history":[{"count":1,"href":"https:\/\/retura.no\/nomil\/wp-json\/wp\/v2\/pages\/27\/revisions"}],"predecessor-version":[{"id":28,"href":"https:\/\/retura.no\/nomil\/wp-json\/wp\/v2\/pages\/27\/revisions\/28"}],"wp:attachment":[{"href":"https:\/\/retura.no\/nomil\/wp-json\/wp\/v2\/media?parent=27"}],"curies":[{"name":"wp","href":"https:\/\/api.w.org\/{rel}","templated":true}]}}

<section class="section" id="section_672692757">
		<div class="section-bg fill" >
									
			

		</div>

		

		<div class="section-content relative">
			
<div class="row"  id="row-1371903729">

	<div id="col-1106140867" class="col small-12 large-12"  >
				<div class="col-inner"  >
			
			
<h1>Nyheter</h1>
		</div>
					</div>

	

<style>
#row-1371903729 > .col > .col-inner {
  padding: 0px 0px 0px 0px;
}
@media (min-width:550px) {
  #row-1371903729 > .col > .col-inner {
    padding: 0px 0px 20px 0px;
  }
}
</style>
</div>

  
    <div class="row large-columns-3 medium-columns-1 small-columns-1 row-large" >
  <div class="col post-item" >
			<div class="col-inner">
				<div class="box box-normal box-text-bottom box-blog-post has-hover">
            					<div class="box-image" >
  						<div class="image-cover" style="padding-top:56.25%;">
							<a href="https://retura.no/nomil/prisjustering-fra-januar-2022/" class="plain" aria-label="Prisjustering frå januar 2022">
								<img loading="lazy" decoding="async" width="300" height="200" src="https://retura.no/nomil/wp-content/uploads/sites/3/2022/01/Retura_FotoAnne-LineBakken0179-300x200.jpg" class="attachment-medium size-medium wp-post-image" alt="" srcset="https://retura.no/nomil/wp-content/uploads/sites/3/2022/01/Retura_FotoAnne-LineBakken0179-300x200.jpg 300w, https://retura.no/nomil/wp-content/uploads/sites/3/2022/01/Retura_FotoAnne-LineBakken0179-1024x683.jpg 1024w, https://retura.no/nomil/wp-content/uploads/sites/3/2022/01/Retura_FotoAnne-LineBakken0179-768x512.jpg 768w, https://retura.no/nomil/wp-content/uploads/sites/3/2022/01/Retura_FotoAnne-LineBakken0179-1536x1024.jpg 1536w, https://retura.no/nomil/wp-content/uploads/sites/3/2022/01/Retura_FotoAnne-LineBakken0179-2048x1366.jpg 2048w" sizes="auto, (max-width: 300px) 100vw, 300px" />							</a>
  							  							  						</div>
  						  					</div>
          					<div class="box-text text-center" >
					<div class="box-text-inner blog-post-inner">

					
										<h5 class="post-title is-large ">
						<a href="https://retura.no/nomil/prisjustering-fra-januar-2022/" class="plain">Prisjustering frå januar 2022</a>
					</h5>
										<div class="is-divider"></div>
										<p class="from_the_blog_excerpt ">
						Til våre kundar, Informasjon om prisjustering frå januar 2022. Vedtak om innføring av Co2 avgift på forbrenning av avfall frå 1. januar 2022. Stortingets vedtak om Co2 avgift på forbrenning [...]					</p>
					                    
					
					
					</div>
					</div>
																<div class="badge absolute top post-date badge-circle">
							<div class="badge-inner">
								<span class="post-date-day">11</span><br>
								<span class="post-date-month is-xsmall">jan</span>
							</div>
						</div>
									</div>
			</div>
		</div><div class="col post-item" >
			<div class="col-inner">
				<div class="box box-normal box-text-bottom box-blog-post has-hover">
            					<div class="box-image" >
  						<div class="image-cover" style="padding-top:56.25%;">
							<a href="https://retura.no/nomil/nyheter-soknad-om-handtering-av-smittefarlig-avfall/" class="plain" aria-label="Søknad om håndtering av smittefarlig avfall">
								<img loading="lazy" decoding="async" width="300" height="229" src="https://retura.no/nomil/wp-content/uploads/sites/3/2020/03/6003_Smittefarlig-avfall_297024191-300x229.jpg" class="attachment-medium size-medium wp-post-image" alt="" srcset="https://retura.no/nomil/wp-content/uploads/sites/3/2020/03/6003_Smittefarlig-avfall_297024191-300x229.jpg 300w, https://retura.no/nomil/wp-content/uploads/sites/3/2020/03/6003_Smittefarlig-avfall_297024191-768x586.jpg 768w, https://retura.no/nomil/wp-content/uploads/sites/3/2020/03/6003_Smittefarlig-avfall_297024191-1024x781.jpg 1024w" sizes="auto, (max-width: 300px) 100vw, 300px" />							</a>
  							  							  						</div>
  						  					</div>
          					<div class="box-text text-center" >
					<div class="box-text-inner blog-post-inner">

					
										<h5 class="post-title is-large ">
						<a href="https://retura.no/nomil/nyheter-soknad-om-handtering-av-smittefarlig-avfall/" class="plain">Søknad om håndtering av smittefarlig avfall</a>
					</h5>
										<div class="is-divider"></div>
										<p class="from_the_blog_excerpt ">
						Retura Nomil har fått godkjent tillatelse av Miljødirektoratet og Fylkesmannen til innsamling, mottak og mellomlagring av smittefarlig avfall i forbindelse med pandemien fra Corona-viruset. Les hele tillatelsen her:.Avfall &#8211; løyve [...]					</p>
					                    
					
					
					</div>
					</div>
																<div class="badge absolute top post-date badge-circle">
							<div class="badge-inner">
								<span class="post-date-day">24</span><br>
								<span class="post-date-month is-xsmall">mar</span>
							</div>
						</div>
									</div>
			</div>
		</div></div>
		</div>

		
<style>
#section_672692757 {
  padding-top: 50px;
  padding-bottom: 50px;
  background-color: rgb(246, 246, 246);
}
@media (min-width:550px) {
  #section_672692757 {
    padding-top: 80px;
    padding-bottom: 80px;
  }
}
</style>
	</section>
